t is v(-6)?
3
Let f(o) = o**3 + 8*o**2 + 8*o + 4. Let k be ((-76)/(-12) + -6)/((-2)/(-12)). Let v be (-60)/8 + 1/k. Give f(v).
-3
Let d(n) = 33*n + 3. Let q(y) = 38*y + 3. Let z(f) = -3*d(f) + 2*q(f). Calculate z(-2).
43
Let g(h) = -2*h**2 + 26*h + 29. Let m(j) = j**2 - 13*j - 15. Let w(t) = -6*g(t) - 11*m(t). Calculate w(14).
5
Let b(i) = -i**3 + i - 6. Let h be b(0). Let g be (-2)/7 + 40/(-7). Let a(p) = 5*p - 1. Let c(m) = -4*m + 1. Let y(j) = g*c(j) - 5*a(j). What is y(h)?
5
Let a(s) = -2*s. Suppose -2*b = 174 - 168. Suppose 8 = 5*h + 4*y, 5*h - 1 - 5 = -3*y. Let d be h - -4*b/(-6). Give a(d).
-4
Let d = -2 + 8. Let y(t) = -t - 1 - d*t - t - 3*t. Let c(w) = -w**2 - 8*w - 1. Let g be c(-8). Determine y(g).
10
Let h(f) = -44*f + 11. Let i(a) = -10*a + 3. Let u(w) = 2*h(w) - 9*i(w). What is u(5)?
5
Suppose 2*l + 69 = -3*q + 57, 3*l + 4*q + 20 = 0. Let b(s) = -4 + 0 + 2 - 11*s**2 - s**3 + 12*s. Determine b(l).
-2
Let k(h) = 8*h + 19. Let c(f) = -3*f - 2. Let u(d) = 3*c(d) + k(d). Calculate u(8).
5
Let r(x) = -3*x. Let t(q) = q - 1. Let b be t(11). Suppose -5*c = -4*p + 26, c + b = p + p. Let o be -5 - p*1/(-2). What is r(o)?
9
Let o = 2 - 4. Let c(n) = -n**3 - 5*n**2 + 5*n + 8. Let r(z) = -z**3 - 6*z**2 + 6*z + 10. Let l(u) = -6*c(u) + 5*r(u). Calculate l(o).
-6
Let n be 6/10 - (12 + (-864)/60). Let b(l) = 5*l - 14. Calculate b(n).
1
Let q(l) = 4*l + 56 - 50 - 8*l**2 + 7*l**2. Determine q(6).
-6
Suppose -11*w + 10 = -23. Let m(i) = i**3 - 4*i**2 - i - 1. Determine m(w).
-13
Let s(v) = 15*v + 53 + v**2 - 5*v - 55. Calculate s(-7).
-23
Suppose 60*p - 54 = 66*p. Let x(h) = h**2 + 8*h + 8. Calculate x(p).
17
Suppose -2*q + 3*k = 3*q - 4, 0 = q - k. Let l(r) = -3*r + 5. Let m(t) = -3*t + 4. Let v(n) = -4*l(n) + 5*m(n). Calculate v(q).
-6
Suppose 2347*z = 2349*z - 6. Let q(x) be the first derivative of -x + 2/3*x**z + 5 - 7/4*x**4 + 0*x**2. Calculate q(-1).
8
Let t = 22 - 4. Let x be (10/4)/((-9)/t). Let f(d) = d**3 + 5*d**2 - d - 4. Determine f(x).
1
Let y(g) be the second derivative of g**4/12 + 2*g**3/3 - 196*g. Determine y(-3).
-3
Let d = 61 - 55. Let v(b) = b**3 - 2*b**2 - 7*b - 8. Let x(o) = o**3 - 3*o**2 - 6*o - 7. Let a(p) = -2*v(p) + 3*x(p). What is a(d)?
7
Let u(w) = -w**2 + 5*w + 2. Let b = -22 - -26. Suppose -m + 3*z = -3, 2*m + b*z - 8 = 18. Let o = m + -5. What is u(o)?
6
Let k be -905*3/(-300) - 9. Let m(g) be the second derivative of 1/6*g**4 + 6*g - 1/6*g**3 + g**2 - k*g**5 + 0. Determine m(2).
0
Let z(f) = 3*f + 13. Let t(u) = 7*u + 27. Let d(m) = 2*t(m) - 5*z(m). Let j(x) = -42*x + 3100. Let s be j(74). Determine d(s).
-3
Suppose 2*n = 4 - 0. Let h(a) = 1 - 23*a**2 + 22*a**2 - 3*a + n*a. Give h(2).
-5
Suppose 21*k = -3*k - 144. Let d(i) = -i**3 - 5*i**2 + 9*i + 4. Give d(k).
-14
Let p(k) = 27*k**3 - 3507 + 4*k**2 - 15*k**3 + 3506 + 34*k**3 - 2*k**2. Give p(1).
47
Let z(l) = -5*l. Let f(a) = -14*a + 141. Let u be f(10). Determine z(u).
-5
Let m(p) = -12*p + 191. Let g be m(15). Let z(k) = k**3 - 11*k**2 - 3*k + 15. What is z(g)?
-18
Suppose -955*b = -944*b + 22. Let z(y) = -2 + 0 + y**3 + 3 - 2*y. Give z(b).
-3
Suppose -5*g - 83 = 67. Let f = 22 + g. Let a(j) = j + 15. What is a(f)?
7
Let u(r) = -r**3 + 3*r**2 + 3*r + 5. Let v = 18 + -13. Suppose -v*a = -3*a + 14. Let k be (-6)/(-12) - a/2. What is u(k)?
1
Let u be 45/(-10) - 3/6. Let a(x) = x**3 + 6*x**2 + 4*x + 3. Give a(u).
8
Let j(f) = 2*f**2 - 6*f + 5. Let o(p) = -17*p - 10. Let w be o(3). Let v = w - -66. Determine j(v).
25
Let k(z) = 2*z - 5. Let i(m) = m**2 + 8*m - 16. Let h be i(2). Suppose 0 = -3*x + 4*b + h, 2*x - 10 = -b - 0*b. Determine k(x).
3
Let g(y) = -4*y**3 - 6*y**2 - 5*y - 3. Let j be g(-1). Let q(h) = 3*h - 6. Calculate q(j).
-6
Let c(w) = -5*w + 3. Let h be c(-4). Suppose 14 = 2*t - 4*y, 4*t = -5*y - h - 1. Let r be ((-7)/5)/(t/5). Let v(k) = k**2 - 6*k - 1. What is v(r)?
6
Let b(s) = 4*s - 10 - 3*s - 3. Suppose 0 = 16*f + 79*f + 448 - 1398. Calculate b(f).
-3
Let a(t) = -5*t**3 + 6*t**2 - 6*t - 6. Let g(z) = -6*z**3 + 7*z**2 - 7*z - 7. Let y(p) = 7*a(p) - 6*g(p). Calculate y(2).
8
Let z(j) be the second derivative of -2*j**2 - 1/6*j**3 - 1/20*j**5 - 29*j + 0 + 5/12*j**4. Determine z(3).
11
Let f(l) = 24 + 4714*l - 4708*l + 18. Calculate f(-6).
6
Let z = -3 - -6. Let w(o) = 4*o**2 - 4*o. Let k(v) = 3*v**2 - 3*v. Let q(t) = -3*k(t) + 2*w(t). Determine q(z).
-6
Let i = 646 - 644. Let j(z) = 3*z - 2. Give j(i).
4
Let w be (-57)/(-6) - (-6)/(-12). Let b = -8 + 5. Let k = w + b. Let g(n) = -n + 8. What is g(k)?
2
Let s(q) be the second derivative of q**5/20 + 11*q**4/12 + q**3/6 + 13*q**2/2 + 2*q. Calculate s(-11).
2
Let r(b) be the second derivative of b**7/2520 - b**6/120 + b**5/60 + b**4/3 + 21*b. Let h(f) be the third derivative of r(f). What is h(5)?
-3
Let o(b) = 6*b**3 + b**2 - b. Let s be (-366)/4 - 30/(-20). Let d = 91 + s. What is o(d)?
6
Let d = 0 - -2. Let g(n) = -n - d + 3 + 3*n. Suppose 4 = 29*o - 33*o. What is g(o)?
-1
Let s(o) = o**3 + 9*o**2 + 10*o + 11. Let v be (-10)/(-3)*(1 - 51/15). Calculate s(v).
-5
Let c be 1/3*6 + -42. Let b be -1 + 1 + c/5. Let r(u) = -u**2 - 7*u + 10. Determine r(b).
2
Let g(s) be the third derivative of 1/3*s**4 - 4/3*s**3 + 7*s**2 + 0 + 1/120*s**6 + 0*s - 7/60*s**5. Calculate g(6).
4
Let n(u) = -u. Suppose 2*l - 12 = 6*l - 4*b, 2*b - 2 = l. Determine n(l).
4
Let i(o) = -11*o - o**2 - 17 + 13 + 7 + 5. What is i(-12)?
-4
Let o(j) = 39*j**2 + j. Suppose 0 = -2*t - 5*a - 13, 0 = t - 5*a - 1 - 15. Give o(t).
40
Let t(m) be the third derivative of 7*m**4/24 - 5*m**3/6 + m**2 + 85. Give t(-4).
-33
Let j(v) = -7*v + 35. Let y(p) = 2*p - 9. Let x(i) = 6*j(i) + 22*y(i). Calculate x(-4).
4
Let z be (1/2)/((-5)/(-30)). Let c(g) = 6 + 0 + 6*g**2 + 0 + 2*g**z - 3*g**3. Let v = -23 + 29. Calculate c(v).
6
Let a(d) = 21*d + 202. Let f(h) = 16*h + 155. Let p(k) = -10*a(k) + 13*f(k). Suppose -3 = 2*m + 7. Determine p(m).
5
Let l(p) = -58. Let n(d) = -2*d + 178. Let b(x) = 10*l(x) + 3*n(x). Give b(-8).
2
Let l(z) be the first derivative of z**4/4 + z**2/2 - z - 3467. Suppose 0 = -2*p + 4 - 2. What is l(p)?
1
Suppose -19*w - 2 = -21*w. Let d(j) = j - 1. What is d(w)?
0
Let r(p) = p**2 + 5*p + 1. Suppose 4*s = -3*i - 0*i - 19, 4*s + 14 = -2*i. Let j be r(i). Let f(n) = -6*n. Calculate f(j).
-6
Let a(d) = -14*d**2 + 35*d + 32. Let y(s) = -11 + 7*s**2 - 8*s - 2*s**2 - 4*s + 0*s. Let r(l) = 6*a(l) + 17*y(l). What is r(-5)?
0
Let k be (15/(-3))/(1/(-2)). Suppose -6*a = k + 2. Let g(w) = -w**3 + 1. Give g(a).
9
Let i(n) = -2*n**2 - n - 1. Let c(v) = -v**2 + 7*v - 3*v**2 + 8*v**3 - 7*v**3 - 2. Let k be c(3). Suppose q - k = -4*q. Give i(q).
-11
Let q(o) be the second derivative of -o**5/20 + o**4/4 + 2*o**3/3 + o**2 - 2*o. Let a = -76 + 74. Let h be a/((1/2)/(0 - 1)). Determine q(h).
2
Let d(l) = 8*l - 13. Let z(a) = a**3 + 7*a**2 - 60*a + 7. Let u be z(-12). Determine d(u).
43
Let o(d) = d**3 + 10*d**2 + 7*d - 13. Suppose -4*j - 2*k + 3 = -5*j, -5*k = 15. Give o(j).
5
Let q(f) = -f**3 + 4*f**2 + 5*f + 5. Let i(y) = 2*y**2 + 7*y - 4. Let v be i(1). What is q(v)?
5
Suppose -3 + 5 = 2*x. Suppose -q + 6*q = 15. Let o(j) = -29*j**3 + 21*j**q + 2*j - 2*j**2 + 14*j**3 - 1. Determine o(x).
5
Let z(y) = y**2 - 3*y + 3. Let f be z(3). Let o(i) = 0 + 0 + i**3 + f*i**2 - 1 + i - 7*i**2. Suppose 12 = 3*v + 5*j, 5*v - 16 - 4 = -5*j. What is o(v)?
3
Suppose -2*m = 2*m + 16, 0 = g - m - 6. Let p(q) = q**3 - 4*q**2 + 3*q - 2. Determine p(g).
-4
Let u(f) = f**3 - 14*f**2 + 13*f + 4. Suppose -2*q - 2*a = -36, -5*q - 34 = -5*a - 74. What is u(q)?
4
Suppose 0 = -2*p - 2*y + 4, -3 = -5*p - 2*y + 1. Suppose -q - 15 = -2*j, -5*q - j - 3 - 28 = p. Let h(g) = g + 13. What is h(q)?
6
Let g(y) be the second derivative of y**4/12 - 2*y**3/3 + 3*y**2/2 + 11*y + 5. Determine g(1).
0
Let v be (-1)/(36/20 + -2). Suppose -4*u - 6 = -2*y, 4*y = 4*u + v*y + 9. Let b(h) = h**2 + 3*h + 1. Give b(u).
-1
Let h = 70 - 67. Let d(w) = w - h + 9 - 3*w. Calculate d(5).
-4
Suppose 5*i + 177 = f + f, 2*f - i = 181. Let b(d) = -92*d**2 + d + f*d**2 + 0*d - 6. Calculate b(0).
-6
Suppose 3*z + 5 = -5*w, 0*w - w = -4*z + 24. Let c(d) = 8*d + 8. Let y(b) = 3*b + 3. Let i(a) = 4*c(a) - 11*y(a). Calculate i(z).
-6
Let x(p) = 13*p**3 + 30 - 9*p + 14*p**2 + 14*p**3 - 2*p**2 - 28*p**3 - 29. What 